{"id":8632,"date":"2022-06-08T14:57:21","date_gmt":"2022-06-08T14:57:21","guid":{"rendered":"https:\/\/stolarstwowolny.pl\/?page_id=8632"},"modified":"2022-11-18T12:35:57","modified_gmt":"2022-11-18T12:35:57","slug":"oferta-kuchnie","status":"publish","type":"page","link":"https:\/\/stolarstwowolny.pl\/?page_id=8632","title":{"rendered":"Meble kuchenne"},"content":{"rendered":"<p>[vc_row full_width=&#8221;stretch_row&#8221;][vc_column][rev_slider_vc alias=&#8221;home-slider-3&#8243;][\/vc_column][\/vc_row][vc_row][vc_column]<div class=\"headings-title  wpb_animate_when_almost_visible wpb_bottom-to-top bottom-to-top\"><div class=\"mb70 mb-xs-40 text-center\"><div class=\"divider-wrap\"><i style=\"color:#8c241e!important;\" class=\"ti-map\"><\/i><div class=\"tlg-divider tlg-divider-large\" style=\"background-color:#8c241e!important;\"><\/div><\/div><h5  class=\"widgettitle mb0\">MEBLE KUCHENNE<\/h5><\/div><\/div>[vc_column_text el_class=&#8221;text-by-kinga&#8221;]<b><img loading=\"lazy\" decoding=\"async\" class=\" wp-image-8974 alignleft\" src=\"https:\/\/stolarstwowolny.pl\/wp-content\/uploads\/2022\/06\/IMG-20220610-WA0002-225x300.jpg\" alt=\"\" width=\"330\" height=\"440\" srcset=\"https:\/\/stolarstwowolny.pl\/wp-content\/uploads\/2022\/06\/IMG-20220610-WA0002-225x300.jpg 225w, https:\/\/stolarstwowolny.pl\/wp-content\/uploads\/2022\/06\/IMG-20220610-WA0002.jpg 768w\" sizes=\"auto, (max-width: 330px) 100vw, 330px\" \/>Kuchnie to nasza specjalno\u015b\u0107, projektujemy je i wykonujemy od ponad 15 lat.\u00a0<\/b><\/p>\n<p>Oferujemy swoim klientom meble z materia\u0142\u00f3w najwy\u017cszej jako\u015bci \u2013 wsp\u00f3\u0142pracujemy jedynie z najlepszymi i sprawdzonymi producentami. Do mebli stosujemy akcesoria najlepszych \u015bwiatowych firm, okucia firmy <b>BLUM\u00a0<\/b>s\u0105 standardem w naszych szafkach.<\/p>\n<p>D\u0142ugoletnia praktyka i doskona\u0142a znajomo\u015b\u0107 bran\u017cy pozwalaj\u0105 na zastosowanie optymalnych rozwi\u0105za\u0144 oraz dob\u00f3r wszystkich dodatk\u00f3w w zale\u017cno\u015bci od potrzeb klienta oraz kwoty jak\u0105 chce przeznaczy\u0107 na zakup mebli do swojej kuchni.<\/p>\n<p>Nasze wieloletnie do\u015bwiadczenie sprawia, \u017ce organizacja poszczeg\u00f3lnych etap\u00f3w realizacji mebli jest naszym atutem. Zaczynaj\u0105c od wst\u0119pnego projektu i wyceny, a ko\u0144cz\u0105c na monta\u017cu mebli u klienta,<br \/>\nnasza firma przez ca\u0142y czas s\u0142u\u017cy rad\u0105 i pomoc\u0105 zar\u00f3wno w odniesieniu do przygotowania pomieszczenia,<br \/>\njak r\u00f3wnie\u017c doboru wszystkich materia\u0142\u00f3w, akcesori\u00f3w oraz sprz\u0119tu AGD.[\/vc_column_text][\/vc_column][\/vc_row]<\/p>\n","protected":false},"excerpt":{"rendered":"<p>[vc_row full_width=&#8221;stretch_row&#8221;][vc_column][rev_slider_vc alias=&#8221;home-slider-3&#8243;][\/vc_column][\/vc_row][vc_row][vc_column][vc_column_text el_class=&#8221;text-by-kinga&#8221;]Kuchnie to nasza specjalno\u015b\u0107, projektujemy je i wykonujemy od ponad 15 lat.\u00a0 Oferujemy swoim klientom meble z materia\u0142\u00f3w najwy\u017cszej jako\u015bci \u2013 wsp\u00f3\u0142pracujemy jedynie z najlepszymi i sprawdzonymi producentami. Do mebli stosujemy akcesoria najlepszych \u015bwiatowych firm, okucia firmy BLUM\u00a0s\u0105 standardem w naszych szafkach. D\u0142ugoletnia praktyka i doskona\u0142a znajomo\u015b\u0107 bran\u017cy pozwalaj\u0105 na zastosowanie optymalnych&#8230;<\/p>\n","protected":false},"author":1,"featured_media":0,"parent":0,"menu_order":0,"comment_status":"closed","ping_status":"closed","template":"","meta":{"footnotes":""},"class_list":["post-8632","page","type-page","status-publish","hentry"],"_links":{"self":[{"href":"https:\/\/stolarstwowolny.pl\/index.php?rest_route=\/wp\/v2\/pages\/8632","targetHints":{"allow":["GET"]}}],"collection":[{"href":"https:\/\/stolarstwowolny.pl\/index.php?rest_route=\/wp\/v2\/pages"}],"about":[{"href":"https:\/\/stolarstwowolny.pl\/index.php?rest_route=\/wp\/v2\/types\/page"}],"author":[{"embeddable":true,"href":"https:\/\/stolarstwowolny.pl\/index.php?rest_route=\/wp\/v2\/users\/1"}],"replies":[{"embeddable":true,"href":"https:\/\/stolarstwowolny.pl\/index.php?rest_route=%2Fwp%2Fv2%2Fcomments&post=8632"}],"version-history":[{"count":103,"href":"https:\/\/stolarstwowolny.pl\/index.php?rest_route=\/wp\/v2\/pages\/8632\/revisions"}],"predecessor-version":[{"id":9395,"href":"https:\/\/stolarstwowolny.pl\/index.php?rest_route=\/wp\/v2\/pages\/8632\/revisions\/9395"}],"wp:attachment":[{"href":"https:\/\/stolarstwowolny.pl\/index.php?rest_route=%2Fwp%2Fv2%2Fmedia&parent=8632"}],"curies":[{"name":"wp","href":"https:\/\/api.w.org\/{rel}","templated":true}]}}